ns digit of 38793272?
7
What is the millions digit of 4968239?
4
What is the hundreds digit of 2803341?
3
What is the tens digit of 341035?
3
What is the thousands digit of 10043062?
3
What is the tens digit of 255415?
1
What is the hundred thousands digit of 292833?
2
What is the hundreds digit of 403450?
4
What is the ten thousands digit of 1844407?
4
What is the ten thousands digit of 173068?
7
What is the millions digit of 4137967?
4
What is the thousands digit of 1586701?
6
What is the units digit of 944358?
8
What is the ten thousands digit of 15644509?
4
What is the ten thousands digit of 3869270?
6
What is the ten thousands digit of 194344?
9
What is the hundred thousands digit of 973507?
9
What is the hundreds digit of 1100321?
3
What is the ten thousands digit of 1658784?
5
What is the millions digit of 3470970?
3
What is the hundred thousands digit of 1254862?
2
What is the hundred thousands digit of 6849786?
8
What is the millions digit of 1140909?
1
What is the hundreds digit of 344170?
1
What is the thousands digit of 342197?
2
What is the thousands digit of 6940183?
0
What is the millions digit of 3435882?
3
What is the tens digit of 134918?
1
What is the hundreds digit of 383614?
6
What is the tens digit of 2083323?
2
What is the ten thousands digit of 15653266?
5
What is the tens digit of 2090219?
1
What is the hundred thousands digit of 535094?
5
What is the ten thousands digit of 14663453?
6
What is the tens digit of 1488542?
4
What is the ten thousands digit of 14049019?
4
What is the tens digit of 8189299?
9
What is the ten thousands digit of 317755?
1
What is the tens digit of 215128?
2
What is the ten thousands digit of 285149?
8
What is the units digit of 286926?
6
What is the ten millions digit of 10395485?
1
What is the thousands digit of 7671?
7
What is the tens digit of 2852783?
8
What is the thousands digit of 908579?
8
What is the ten thousands digit of 22886?
2
What is the hundred thousands digit of 1951001?
9
What is the ten millions digit of 12964285?
1
What is the hundred thousands digit of 1567098?
5
What is the thousands digit of 89613?
9
What is the thousands digit of 133521?
3
What is the tens digit of 143183?
8
What is the units digit of 1498965?
5
What is the hundreds digit of 223621?
6
What is the tens digit of 4594910?
1
What is the ten thousands digit of 8844323?
4
What is the thousands digit of 33280902?
0
What is the hundreds digit of 504285?
2
What is the tens digit of 4880972?
7
What is the units digit of 330034?
4
What is the units digit of 551645?
5
What is the ten thousands digit of 308656?
0
What is the hundred thousands digit of 2407044?
4
What is the hundreds digit of 2263067?
0
What is the tens digit of 27337456?
5
What is the millions digit of 2883644?
2
What is the hundreds digit of 6570821?
8
What is the tens digit of 285738?
3
What is the units digit of 28920436?
6
What is the thousands digit of 30261428?
1
What is the hundred thousands digit of 136811?
1
What is the hundred thousands digit of 339889?
3
What is the units digit of 30049586?
6
What is the ten millions digit of 31410082?
3
What is the thousands digit of 3579?
3
What is the tens digit of 522503?
0
What is the hundreds digit of 3933639?
6
What is the thousands digit of 120749?
0
What is the thousands digit of 175670?
5
What is the hundreds digit of 820424?
4
What is the hundred thousands digit of 4314549?
3
What is the tens digit of 1548936?
3
What is the millions digit of 1892544?
1
What is the ten thousands digit of 76621?
7
What is the units digit of 201380?
0
What is the thousands digit of 91983?
1
What is the millions digit of 13446302?
3
What is the units digit of 12659044?
4
What is the hundred thousands digit of 140541?
1
What is the millions digit of 12325085?
2
What is the millions digit of 16761746?
6
What is the tens digit of 12353?
5
What is the thousands digit of 208462?
8
What is the hundreds digit of 9648788?
7
What is the thousands digit of 7910637?
0
What is the tens digit of 4232462?
6
What is the tens digit of 2019286?
8
What is the units digit of 315321?
1
What is the thousands digit of 106157?
6
What is the ten thousands digit of 5417482?
1
What is the thousands digit of 521650?
1
What is the tens digit of 634649?
4
What is the tens digit of 5302?
0
What is the tens digit of 1142415?
1
What is the ten thousands digit of 71132?
7
What is the tens digit of 441895?
9
What is the hundred thousands digit of 2827895?
8
What is the ten thousands digit of 134540?
3
What is the hundreds digit of 10051?
0
What is the ten thousands digit of 3904865?
0
What is the units digit of 1878?
8
What is the thousands digit of 1025390?
5
What is the hundreds digit of 2516895?
8
What is the units digit of 2162171?
1
What is the thousands digit of 9273?
9
What is the units digit of 16588854?
4
What is the units digit of 16352634?
4
What is the units digit of 150511?
1
What is the tens digit of 5553986?
8
What is the tens digit of 181884?
8
What is the units digit of 1131957?
7
What is the hundred thousands digit of 110973?
1
What is the hundreds digit of 408689?
6
What is the thousands digit of 10114123?
4
What is the thousands digit of 240567?
0
What is the thousands digit of 1669907?
9
What is the hundred thousands digit of 139373?
1
What is the ten thousands digit of 160917?
6
What is the thousands digit of 170914?
0
What is the hundreds digit of 53473?
4
What is the thousands digit of 611024?
1
What is the units digit of 227316?
6
What is the tens digit of 464461?
6
What is the hundreds digit of 1343036?
0
What is the hundred thousands digit of 217199?
2
What is the hundreds digit of 2074764?
7
What is the hundreds digit of 878572?
5
What is the hundreds digit of 257562?
5
What is the hundreds digit of 1555017?
0
What is the units digit of 1936256?
6
What is the tens digit of 702071?
7
What is the hundreds digit of 71350?
3
What is the thousands digit of 6979417?
9
What is the hundred thousands digit of 15918748?
9
What is the hundred thousands digit of 160863?
1
What is the hundreds digit of 10535800?
8
What is the hundred thousands digit of 201315?
2
What is the hundred thousands digit of 996091?
9
What is the units digit of 175558?
8
What is the thousands digit of 933192?
3
What is the hundreds digit of 3464483?
4
What is the hundred thousands digit of 370072?
3
What is the hundred thousands digit of 5492782?
4
What is the ten thousands digit of 4499978?
9
What is the hundreds digit of 982702?
7
What is the millions digit of 11171149?
1
What is the tens digit of 9029464?
6
What is the thousands digit of 2413412?
3
What is the thousands digit of 386576?
6
What is the units digit of 205878?
8
What is the hundred thousands digit of 503148?
5
What is the hundreds digit of 105228?
2
What is the ten thousands digit of 56611?
5
What is the hundreds digit of 4030158?
1
What is the units digit of 220238?
8
What is the thousands digit of 1254770?
4
What is the hundred thousands digit of 6328525?
3
What is the tens digit of 7651056?
5
What is the hundred thousands digit of 5991271?
9
What is the tens digit of 5690114?
1
What is the tens digit of 103010?
1
What is the tens digit of 6086517?
1
What is the thousands digit of 512971?
2
What is the tens digit of 8149473?
7
What is the hundred thousands digit of 294511?
2
What is the hundreds digit of 4120019?
0
What is the tens digit of 6142374?
7
What is the units digit of 782636?
6
What is the units digit of 18908089?
9
What is the millions digit of 6095740?
6
What is the units digit of 6790200?
0
What is the ten thousands digit of 5411172?
1
What is the tens digit of 170837?
3
What is the hundred thousands digit of 485763?
4
What is the thousands digit of 1636169?
6
What is the units digit of 235890?
0
What is the hundred thousands digit of 2755088?
7
What is the units digit of 5353493?
3
What is the tens digit of 1247000?
0
What is the tens digit of 1009647?
4
What is the tens digit of 464953?
5
What is the hundreds digit of 1967809?
8
What is the ten thousands digit of 6725346?
2
What is the tens digit of 4301589?
8
What is the units digit of 452279?
9
What is the units digit of 7702353?
3
What is the thousands digit of 638124?
8
What is the hundreds digit of 408470?
4
What i